{"id":22605,"date":"2025-05-21T11:12:45","date_gmt":"2025-05-21T14:12:45","guid":{"rendered":"http:\/\/10.10.1.232\/wordpress\/?page_id=22605"},"modified":"2025-12-01T16:10:44","modified_gmt":"2025-12-01T19:10:44","slug":"vistas-guiadas-1-semestre","status":"publish","type":"page","link":"http:\/\/10.10.1.232\/wordpress\/?page_id=22605","title":{"rendered":"Vistas Guiadas 1 semestre"},"content":{"rendered":"\t\t<div data-elementor-type=\"wp-page\" data-elementor-id=\"22605\" class=\"elementor elementor-22605\">\n\t\t\t\t\t\t<section class=\"elementor-section elementor-top-section elementor-element elementor-element-c8ddeb6 elementor-section-height-min-height elementor-section-boxed elementor-section-height-default elementor-section-items-middle\" data-id=\"c8ddeb6\" data-element_type=\"section\" data-settings=\"{&quot;background_background&quot;:&quot;classic&quot;}\">\n\t\t\t\t\t\t\t<div class=\"elementor-background-overlay\"><\/div>\n\t\t\t\t\t\t\t<div class=\"elementor-container elementor-column-gap-default\">\n\t\t\t\t\t<div class=\"elementor-column elementor-col-100 elementor-top-column elementor-element elementor-element-6a5337e\" data-id=\"6a5337e\" data-element_type=\"column\">\n\t\t\t<div class=\"elementor-widget-wrap elementor-element-populated\">\n\t\t\t\t\t\t<div class=\"elementor-element elementor-element-feefb6c elementor-widget elementor-widget-heading\" data-id=\"feefb6c\" data-element_type=\"widget\" data-widget_type=\"heading.default\">\n\t\t\t\t<div class=\"elementor-widget-container\">\n\t\t\t\t\t<h1 class=\"elementor-heading-title elementor-size-default\">Visitas Guiadas <\/h1>\t\t\t\t<\/div>\n\t\t\t\t<\/div>\n\t\t\t\t\t<\/div>\n\t\t<\/div>\n\t\t\t\t\t<\/div>\n\t\t<\/section>\n\t\t\t\t<section class=\"elementor-section elementor-top-section elementor-element elementor-element-ae3664b elementor-section-boxed elementor-section-height-default elementor-section-height-default\" data-id=\"ae3664b\" data-element_type=\"section\">\n\t\t\t\t\t\t<div class=\"elementor-container elementor-column-gap-default\">\n\t\t\t\t\t<div class=\"elementor-column elementor-col-100 elementor-top-column elementor-element elementor-element-18ea5ac\" data-id=\"18ea5ac\" data-element_type=\"column\">\n\t\t\t<div class=\"elementor-widget-wrap elementor-element-populated\">\n\t\t\t\t\t\t<div class=\"elementor-element elementor-element-a569c8a elementor-widget elementor-widget-spacer\" data-id=\"a569c8a\" data-element_type=\"widget\" data-widget_type=\"spacer.default\">\n\t\t\t\t<div class=\"elementor-widget-container\">\n\t\t\t\t\t\t\t<div class=\"elementor-spacer\">\n\t\t\t<div class=\"elementor-spacer-inner\"><\/div>\n\t\t<\/div>\n\t\t\t\t\t\t<\/div>\n\t\t\t\t<\/div>\n\t\t\t\t\t<\/div>\n\t\t<\/div>\n\t\t\t\t\t<\/div>\n\t\t<\/section>\n\t\t\t\t<section class=\"elementor-section elementor-top-section elementor-element elementor-element-4b58e5a elementor-section-boxed elementor-section-height-default elementor-section-height-default\" data-id=\"4b58e5a\" data-element_type=\"section\">\n\t\t\t\t\t\t<div class=\"elementor-container elementor-column-gap-default\">\n\t\t\t\t\t<div class=\"elementor-column elementor-col-100 elementor-top-column elementor-element elementor-element-52afdc3\" data-id=\"52afdc3\" data-element_type=\"column\">\n\t\t\t<div class=\"elementor-widget-wrap elementor-element-populated\">\n\t\t\t\t\t\t<div class=\"elementor-element elementor-element-5442ae7 elementor-widget elementor-widget-button\" data-id=\"5442ae7\" data-element_type=\"widget\" data-widget_type=\"button.default\">\n\t\t\t\t<div class=\"elementor-widget-container\">\n\t\t\t\t\t\t\t\t\t<div class=\"elementor-button-wrapper\">\n\t\t\t\t\t<a class=\"elementor-button elementor-button-link elementor-size-sm\" href=\"http:\/\/10.10.1.232\/wordpress\/?page_id=22118\">\n\t\t\t\t\t\t<span class=\"elementor-button-content-wrapper\">\n\t\t\t\t\t\t\t\t\t<span class=\"elementor-button-text\">Voltar para eventos<\/span>\n\t\t\t\t\t<\/span>\n\t\t\t\t\t<\/a>\n\t\t\t\t<\/div>\n\t\t\t\t\t\t\t\t<\/div>\n\t\t\t\t<\/div>\n\t\t\t\t\t<\/div>\n\t\t<\/div>\n\t\t\t\t\t<\/div>\n\t\t<\/section>\n\t\t\t\t<section class=\"elementor-section elementor-top-section elementor-element elementor-element-aeb68bd elementor-section-boxed elementor-section-height-default elementor-section-height-default\" data-id=\"aeb68bd\" data-element_type=\"section\">\n\t\t\t\t\t\t<div class=\"elementor-container elementor-column-gap-default\">\n\t\t\t\t\t<div class=\"elementor-column elementor-col-100 elementor-top-column elementor-element elementor-element-2576807\" data-id=\"2576807\" data-element_type=\"column\">\n\t\t\t<div class=\"elementor-widget-wrap elementor-element-populated\">\n\t\t\t\t\t\t<div class=\"elementor-element elementor-element-c443578 elementor-widget elementor-widget-spacer\" data-id=\"c443578\" data-element_type=\"widget\" data-widget_type=\"spacer.default\">\n\t\t\t\t<div class=\"elementor-widget-container\">\n\t\t\t\t\t\t\t<div class=\"elementor-spacer\">\n\t\t\t<div class=\"elementor-spacer-inner\"><\/div>\n\t\t<\/div>\n\t\t\t\t\t\t<\/div>\n\t\t\t\t<\/div>\n\t\t\t\t<div class=\"elementor-element elementor-element-59ec18a elementor-widget elementor-widget-text-editor\" data-id=\"59ec18a\" data-element_type=\"widget\" data-widget_type=\"text-editor.default\">\n\t\t\t\t<div class=\"elementor-widget-container\">\n\t\t\t\t\t\t\t\t\t<h3 style=\"text-align: center;\"><span style=\"color: #595959;\">As visitas mediadas realizadas pelo Tribunal Regional Eleitoral de Goi\u00e1s em 2025 t\u00eam como objetivo promover reflex\u00e3o, conex\u00e3o e aprendizado sobre a hist\u00f3ria e o papel do Poder Judici\u00e1rio Eleitoral na sociedade brasileira.<\/span><\/h3><h3 style=\"text-align: center;\"><span style=\"color: #595959;\">O tour acontece no edif\u00edcio hist\u00f3rico do TRE-GO e inclui tr\u00eas salas com exposi\u00e7\u00e3o permanente, que integram a expografia &#8220;Entre o pensar e o poder&#8221;, inaugurada em 5 de maio de 2025. A visita tamb\u00e9m contempla a exposi\u00e7\u00e3o tempor\u00e1ria no Espa\u00e7o Cultural Carmo Bernardes, localizado no hall do edif\u00edcio anexo \u00e0 sede do TRE-GO.<\/span><\/h3><h3 style=\"text-align: center;\"><span style=\"color: #595959;\">Essas a\u00e7\u00f5es refor\u00e7am o compromisso institucional com a preserva\u00e7\u00e3o da mem\u00f3ria e com a educa\u00e7\u00e3o cidad\u00e3.<\/span><\/h3>\t\t\t\t\t\t\t\t<\/div>\n\t\t\t\t<\/div>\n\t\t\t\t<div class=\"elementor-element elementor-element-5f1c324 elementor-widget elementor-widget-spacer\" data-id=\"5f1c324\" data-element_type=\"widget\" data-widget_type=\"spacer.default\">\n\t\t\t\t<div class=\"elementor-widget-container\">\n\t\t\t\t\t\t\t<div class=\"elementor-spacer\">\n\t\t\t<div class=\"elementor-spacer-inner\"><\/div>\n\t\t<\/div>\n\t\t\t\t\t\t<\/div>\n\t\t\t\t<\/div>\n\t\t\t\t\t<\/div>\n\t\t<\/div>\n\t\t\t\t\t<\/div>\n\t\t<\/section>\n\t\t\t\t<section class=\"elementor-section elementor-top-section elementor-element elementor-element-336d394 elementor-section-boxed elementor-section-height-default elementor-section-height-default\" data-id=\"336d394\" data-element_type=\"section\">\n\t\t\t\t\t\t<div class=\"elementor-container elementor-column-gap-default\">\n\t\t\t\t\t<div class=\"elementor-column elementor-col-100 elementor-top-column elementor-element elementor-element-41d8940\" data-id=\"41d8940\" data-element_type=\"column\">\n\t\t\t<div class=\"elementor-widget-wrap elementor-element-populated\">\n\t\t\t\t\t\t<div class=\"elementor-element elementor-element-dfd1bbd elementor-position-left elementor-vertical-align-top elementor-widget elementor-widget-image-box\" data-id=\"dfd1bbd\" data-element_type=\"widget\" data-widget_type=\"image-box.default\">\n\t\t\t\t<div class=\"elementor-widget-container\">\n\t\t\t\t\t<div class=\"elementor-image-box-wrapper\"><figure class=\"elementor-image-box-img\"><a href=\"https:\/\/www.tre-go.jus.br\/comunicacao\/noticias\/2025\/Maio\/comissao-de-gestao-da-memoria-e-cultura-promove-visita-guiada-para-academicos-do-direito-a-justica-eleitoral\" tabindex=\"-1\"><img fetchpriority=\"high\" decoding=\"async\" width=\"2048\" height=\"1365\" src=\"http:\/\/10.10.1.232\/wordpress\/wp-content\/uploads\/2025\/05\/54530943586_de7ce28eb3_k.jpg\" class=\"attachment-full size-full wp-image-22619\" alt=\"\" srcset=\"http:\/\/10.10.1.232\/wordpress\/wp-content\/uploads\/2025\/05\/54530943586_de7ce28eb3_k.jpg 2048w, http:\/\/10.10.1.232\/wordpress\/wp-content\/uploads\/2025\/05\/54530943586_de7ce28eb3_k-300x200.jpg 300w, http:\/\/10.10.1.232\/wordpress\/wp-content\/uploads\/2025\/05\/54530943586_de7ce28eb3_k-1024x683.jpg 1024w, http:\/\/10.10.1.232\/wordpress\/wp-content\/uploads\/2025\/05\/54530943586_de7ce28eb3_k-768x512.jpg 768w, http:\/\/10.10.1.232\/wordpress\/wp-content\/uploads\/2025\/05\/54530943586_de7ce28eb3_k-1536x1024.jpg 1536w\" sizes=\"(max-width: 2048px) 100vw, 2048px\" \/><\/a><\/figure><div class=\"elementor-image-box-content\"><h3 class=\"elementor-image-box-title\"><a href=\"https:\/\/www.tre-go.jus.br\/comunicacao\/noticias\/2025\/Maio\/comissao-de-gestao-da-memoria-e-cultura-promove-visita-guiada-para-academicos-do-direito-a-justica-eleitoral\">Visita guiada - 19\/05 - PUC\/GO<\/a><\/h3><p class=\"elementor-image-box-description\">Estudantes da PUC Goi\u00e1s tiveram a oportunidade de conhecer o acervo do Centro de Mem\u00f3ria do TRE-GO, a exposi\u00e7\u00e3o tempor\u00e1ria no Espa\u00e7o Cultural Carmo Bernardes e o Tribunal Pleno. A visita guiada despertou a curiosidade dos participantes sobre o funcionamento da Justi\u00e7a Eleitoral, valorizando o aprendizado pr\u00e1tico por meio da preserva\u00e7\u00e3o da mem\u00f3ria hist\u00f3rica.<\/p><\/div><\/div>\t\t\t\t<\/div>\n\t\t\t\t<\/div>\n\t\t\t\t<div class=\"elementor-element elementor-element-6dad92c elementor-position-left elementor-vertical-align-top elementor-widget elementor-widget-image-box\" data-id=\"6dad92c\" data-element_type=\"widget\" data-widget_type=\"image-box.default\">\n\t\t\t\t<div class=\"elementor-widget-container\">\n\t\t\t\t\t<div class=\"elementor-image-box-wrapper\"><figure class=\"elementor-image-box-img\"><a href=\"https:\/\/www.tre-go.jus.br\/comunicacao\/noticias\/2025\/Maio\/tre-go-promove-debate-sobre-parcerias-culturais-e-sociomuseologia-durante-segundo-dia-do-enam\" tabindex=\"-1\"><img decoding=\"async\" width=\"2048\" height=\"1365\" src=\"http:\/\/10.10.1.232\/wordpress\/wp-content\/uploads\/2025\/05\/54504443165_e17cb2fb6c_k.jpg\" class=\"attachment-full size-full wp-image-22649\" alt=\"\" srcset=\"http:\/\/10.10.1.232\/wordpress\/wp-content\/uploads\/2025\/05\/54504443165_e17cb2fb6c_k.jpg 2048w, http:\/\/10.10.1.232\/wordpress\/wp-content\/uploads\/2025\/05\/54504443165_e17cb2fb6c_k-300x200.jpg 300w, http:\/\/10.10.1.232\/wordpress\/wp-content\/uploads\/2025\/05\/54504443165_e17cb2fb6c_k-1024x683.jpg 1024w, http:\/\/10.10.1.232\/wordpress\/wp-content\/uploads\/2025\/05\/54504443165_e17cb2fb6c_k-768x512.jpg 768w, http:\/\/10.10.1.232\/wordpress\/wp-content\/uploads\/2025\/05\/54504443165_e17cb2fb6c_k-1536x1024.jpg 1536w\" sizes=\"(max-width: 2048px) 100vw, 2048px\" \/><\/a><\/figure><div class=\"elementor-image-box-content\"><h3 class=\"elementor-image-box-title\"><a href=\"https:\/\/www.tre-go.jus.br\/comunicacao\/noticias\/2025\/Maio\/tre-go-promove-debate-sobre-parcerias-culturais-e-sociomuseologia-durante-segundo-dia-do-enam\">Visita guiada - 07\/05 - 5\u00b0 ENAM <\/a><\/h3><p class=\"elementor-image-box-description\"><span>No segundo dia do 5\u00ba Encontro Nacional de Mem\u00f3ria do Poder Judici\u00e1rio (ENAM), o Tribunal Regional Eleitoral de Goi\u00e1s (TRE-GO) promoveu um debate sobre parcerias culturais e sociomuseologia, refor\u00e7ando o papel da Justi\u00e7a Eleitoral na preserva\u00e7\u00e3o da mem\u00f3ria e valoriza\u00e7\u00e3o da diversidade cultural.<\/span> <span>Os participantes tamb\u00e9m visitaram a exposi\u00e7\u00e3o permanente \"Entre o Pensar e o Poder\", no Centro de Mem\u00f3ria do TRE-GO, e realizaram um tour guiado pela Pra\u00e7a C\u00edvica, destacando os elementos Art D\u00e9co do centro hist\u00f3rico de Goi\u00e2nia.<\/span> <\/p><\/div><\/div>\t\t\t\t<\/div>\n\t\t\t\t<\/div>\n\t\t\t\t<div class=\"elementor-element elementor-element-227763f elementor-position-left elementor-vertical-align-top elementor-widget elementor-widget-image-box\" data-id=\"227763f\" data-element_type=\"widget\" data-widget_type=\"image-box.default\">\n\t\t\t\t<div class=\"elementor-widget-container\">\n\t\t\t\t\t<div class=\"elementor-image-box-wrapper\"><figure class=\"elementor-image-box-img\"><a href=\"https:\/\/www.tre-go.jus.br\/comunicacao\/noticias\/2025\/Abril\/alunos-da-unigoias-participam-de-visita-guiada-ao-tre-go-nesta-terca-feira-29\" tabindex=\"-1\"><img decoding=\"async\" width=\"2048\" height=\"1365\" src=\"http:\/\/10.10.1.232\/wordpress\/wp-content\/uploads\/2025\/05\/54485514896_621e3094b7_k.jpg\" class=\"attachment-full size-full wp-image-22611\" alt=\"\" srcset=\"http:\/\/10.10.1.232\/wordpress\/wp-content\/uploads\/2025\/05\/54485514896_621e3094b7_k.jpg 2048w, http:\/\/10.10.1.232\/wordpress\/wp-content\/uploads\/2025\/05\/54485514896_621e3094b7_k-300x200.jpg 300w, http:\/\/10.10.1.232\/wordpress\/wp-content\/uploads\/2025\/05\/54485514896_621e3094b7_k-1024x683.jpg 1024w, http:\/\/10.10.1.232\/wordpress\/wp-content\/uploads\/2025\/05\/54485514896_621e3094b7_k-768x512.jpg 768w, http:\/\/10.10.1.232\/wordpress\/wp-content\/uploads\/2025\/05\/54485514896_621e3094b7_k-1536x1024.jpg 1536w\" sizes=\"(max-width: 2048px) 100vw, 2048px\" \/><\/a><\/figure><div class=\"elementor-image-box-content\"><h3 class=\"elementor-image-box-title\"><a href=\"https:\/\/www.tre-go.jus.br\/comunicacao\/noticias\/2025\/Abril\/alunos-da-unigoias-participam-de-visita-guiada-ao-tre-go-nesta-terca-feira-29\">Visita guiada - 29\/04 - UNIGOI\u00c1S<\/a><\/h3><p class=\"elementor-image-box-description\">A turma da UNIGOI\u00c1S visitou os espa\u00e7os expositivos do TRE-GO, explorando as salas da mostra \u201cEntre o pensar e o poder\u201d. A media\u00e7\u00e3o possibilitou uma imers\u00e3o nos marcos hist\u00f3ricos da Justi\u00e7a Eleitoral e provocou reflex\u00f5es sobre a constru\u00e7\u00e3o da cidadania ao longo do tempo. A intera\u00e7\u00e3o dos alunos demonstrou grande interesse pelo conte\u00fado apresentado.<\/p><\/div><\/div>\t\t\t\t<\/div>\n\t\t\t\t<\/div>\n\t\t\t\t<div class=\"elementor-element elementor-element-2e8797a elementor-position-left elementor-vertical-align-top elementor-widget elementor-widget-image-box\" data-id=\"2e8797a\" data-element_type=\"widget\" data-widget_type=\"image-box.default\">\n\t\t\t\t<div class=\"elementor-widget-container\">\n\t\t\t\t\t<div class=\"elementor-image-box-wrapper\"><figure class=\"elementor-image-box-img\"><a href=\"https:\/\/www.tre-go.jus.br\/comunicacao\/noticias\/2025\/Abril\/alunos-da-uniaraguaia-visitam-a-sede-do-tre-go\" tabindex=\"-1\"><img loading=\"lazy\" decoding=\"async\" width=\"2048\" height=\"1365\" src=\"http:\/\/10.10.1.232\/wordpress\/wp-content\/uploads\/2025\/05\/54431155950_61d0b04428_k.jpg\" class=\"attachment-full size-full wp-image-22620\" alt=\"\" srcset=\"http:\/\/10.10.1.232\/wordpress\/wp-content\/uploads\/2025\/05\/54431155950_61d0b04428_k.jpg 2048w, http:\/\/10.10.1.232\/wordpress\/wp-content\/uploads\/2025\/05\/54431155950_61d0b04428_k-300x200.jpg 300w, http:\/\/10.10.1.232\/wordpress\/wp-content\/uploads\/2025\/05\/54431155950_61d0b04428_k-1024x683.jpg 1024w, http:\/\/10.10.1.232\/wordpress\/wp-content\/uploads\/2025\/05\/54431155950_61d0b04428_k-768x512.jpg 768w, http:\/\/10.10.1.232\/wordpress\/wp-content\/uploads\/2025\/05\/54431155950_61d0b04428_k-1536x1024.jpg 1536w\" sizes=\"(max-width: 2048px) 100vw, 2048px\" \/><\/a><\/figure><div class=\"elementor-image-box-content\"><h3 class=\"elementor-image-box-title\"><a href=\"https:\/\/www.tre-go.jus.br\/comunicacao\/noticias\/2025\/Abril\/alunos-da-uniaraguaia-visitam-a-sede-do-tre-go\">Visita guiada - 04\/04 - UniAraguaia<\/a><\/h3><p class=\"elementor-image-box-description\">Os alunos da UniAraguaia participaram de uma visita enriquecedora pelo edif\u00edcio hist\u00f3rico do TRE-GO. Durante o tour, puderam conhecer de perto nossos espa\u00e7os de exposi\u00e7\u00f5es permanente e tempor\u00e1ria que abordam a hist\u00f3ria da Justi\u00e7a Eleitoral e refletir sobre o papel do poder p\u00fablico na sociedade. O encontro promoveu debates significativos sobre democracia, cidadania e mem\u00f3ria institucional.<\/p><\/div><\/div>\t\t\t\t<\/div>\n\t\t\t\t<\/div>\n\t\t\t\t\t<\/div>\n\t\t<\/div>\n\t\t\t\t\t<\/div>\n\t\t<\/section>\n\t\t\t\t<section class=\"elementor-section elementor-top-section elementor-element elementor-element-d6b363c elementor-section-boxed elementor-section-height-default elementor-section-height-default\" data-id=\"d6b363c\" data-element_type=\"section\">\n\t\t\t\t\t\t<div class=\"elementor-container elementor-column-gap-default\">\n\t\t\t\t\t<div class=\"elementor-column elementor-col-100 elementor-top-column elementor-element elementor-element-950bb68\" data-id=\"950bb68\" data-element_type=\"column\">\n\t\t\t<div class=\"elementor-widget-wrap elementor-element-populated\">\n\t\t\t\t\t\t<div class=\"elementor-element elementor-element-8eb251f elementor-widget elementor-widget-spacer\" data-id=\"8eb251f\" data-element_type=\"widget\" data-widget_type=\"spacer.default\">\n\t\t\t\t<div class=\"elementor-widget-container\">\n\t\t\t\t\t\t\t<div class=\"elementor-spacer\">\n\t\t\t<div class=\"elementor-spacer-inner\"><\/div>\n\t\t<\/div>\n\t\t\t\t\t\t<\/div>\n\t\t\t\t<\/div>\n\t\t\t\t<div class=\"elementor-element elementor-element-479a4c7 elementor-widget elementor-widget-spacer\" data-id=\"479a4c7\" data-element_type=\"widget\" data-widget_type=\"spacer.default\">\n\t\t\t\t<div class=\"elementor-widget-container\">\n\t\t\t\t\t\t\t<div class=\"elementor-spacer\">\n\t\t\t<div class=\"elementor-spacer-inner\"><\/div>\n\t\t<\/div>\n\t\t\t\t\t\t<\/div>\n\t\t\t\t<\/div>\n\t\t\t\t\t<\/div>\n\t\t<\/div>\n\t\t\t\t\t<\/div>\n\t\t<\/section>\n\t\t\t\t<section class=\"elementor-section elementor-top-section elementor-element elementor-element-09be9b2 elementor-section-boxed elementor-section-height-default elementor-section-height-default\" data-id=\"09be9b2\" data-element_type=\"section\">\n\t\t\t\t\t\t<div class=\"elementor-container elementor-column-gap-default\">\n\t\t\t\t\t<div class=\"elementor-column elementor-col-100 elementor-top-column elementor-element elementor-element-520e3e0\" data-id=\"520e3e0\" data-element_type=\"column\">\n\t\t\t<div class=\"elementor-widget-wrap\">\n\t\t\t\t\t\t\t<\/div>\n\t\t<\/div>\n\t\t\t\t\t<\/div>\n\t\t<\/section>\n\t\t\t\t<section class=\"elementor-section elementor-top-section elementor-element elementor-element-cdc1621 elementor-section-boxed elementor-section-height-default elementor-section-height-default\" data-id=\"cdc1621\" data-element_type=\"section\">\n\t\t\t\t\t\t<div class=\"elementor-container elementor-column-gap-default\">\n\t\t\t\t\t<div class=\"elementor-column elementor-col-100 elementor-top-column elementor-element elementor-element-0dc1f77\" data-id=\"0dc1f77\" data-element_type=\"column\">\n\t\t\t<div class=\"elementor-widget-wrap\">\n\t\t\t\t\t\t\t<\/div>\n\t\t<\/div>\n\t\t\t\t\t<\/div>\n\t\t<\/section>\n\t\t\t\t<\/div>\n\t\t","protected":false},"excerpt":{"rendered":"<p>Visitas Guiadas Voltar para eventos As visitas mediadas realizadas pelo Tribunal Regional Eleitoral de Goi\u00e1s em 2025 t\u00eam como objetivo promover reflex\u00e3o, conex\u00e3o e aprendizado sobre a hist\u00f3ria e o papel do Poder Judici\u00e1rio Eleitoral na sociedade brasileira. O tour acontece no edif\u00edcio hist\u00f3rico do TRE-GO e inclui tr\u00eas salas com exposi\u00e7\u00e3o permanente, que integram [&hellip;]<\/p>\n","protected":false},"author":11,"featured_media":0,"parent":0,"menu_order":0,"comment_status":"closed","ping_status":"closed","template":"","meta":{"site-sidebar-layout":"no-sidebar","site-content-layout":"page-builder","ast-site-content-layout":"default","site-content-style":"default","site-sidebar-style":"default","ast-global-header-display":"","ast-banner-title-visibility":"","ast-main-header-display":"","ast-hfb-above-header-display":"","ast-hfb-below-header-display":"","ast-hfb-mobile-header-display":"","site-post-title":"disabled","ast-breadcrumbs-content":"","ast-featured-img":"disabled","footer-sml-layout":"","theme-transparent-header-meta":"enabled","adv-header-id-meta":"","stick-header-meta":"","header-above-stick-meta":"","header-main-stick-meta":"","header-below-stick-meta":"","astra-migrate-meta-layouts":"default","ast-page-background-enabled":"default","ast-page-background-meta":{"desktop":{"background-color":"var(--ast-global-color-4)","background-image":"","background-repeat":"repeat","background-position":"center center","background-size":"auto","background-attachment":"scroll","background-type":"","background-media":"","overlay-type":"","overlay-color":"","overlay-opacity":"","overlay-gradient":""},"tablet":{"background-color":"","background-image":"","background-repeat":"repeat","background-position":"center center","background-size":"auto","background-attachment":"scroll","background-type":"","background-media":"","overlay-type":"","overlay-color":"","overlay-opacity":"","overlay-gradient":""},"mobile":{"background-color":"","background-image":"","background-repeat":"repeat","background-position":"center center","background-size":"auto","background-attachment":"scroll","background-type":"","background-media":"","overlay-type":"","overlay-color":"","overlay-opacity":"","overlay-gradient":""}},"ast-content-background-meta":{"desktop":{"background-color":"var(--ast-global-color-5)","background-image":"","background-repeat":"repeat","background-position":"center center","background-size":"auto","background-attachment":"scroll","background-type":"","background-media":"","overlay-type":"","overlay-color":"","overlay-opacity":"","overlay-gradient":""},"tablet":{"background-color":"var(--ast-global-color-5)","background-image":"","background-repeat":"repeat","background-position":"center center","background-size":"auto","background-attachment":"scroll","background-type":"","background-media":"","overlay-type":"","overlay-color":"","overlay-opacity":"","overlay-gradient":""},"mobile":{"background-color":"var(--ast-global-color-5)","background-image":"","background-repeat":"repeat","background-position":"center center","background-size":"auto","background-attachment":"scroll","background-type":"","background-media":"","overlay-type":"","overlay-color":"","overlay-opacity":"","overlay-gradient":""}},"footnotes":""},"class_list":["post-22605","page","type-page","status-publish","hentry"],"_links":{"self":[{"href":"http:\/\/10.10.1.232\/wordpress\/index.php?rest_route=\/wp\/v2\/pages\/22605","targetHints":{"allow":["GET"]}}],"collection":[{"href":"http:\/\/10.10.1.232\/wordpress\/index.php?rest_route=\/wp\/v2\/pages"}],"about":[{"href":"http:\/\/10.10.1.232\/wordpress\/index.php?rest_route=\/wp\/v2\/types\/page"}],"author":[{"embeddable":true,"href":"http:\/\/10.10.1.232\/wordpress\/index.php?rest_route=\/wp\/v2\/users\/11"}],"replies":[{"embeddable":true,"href":"http:\/\/10.10.1.232\/wordpress\/index.php?rest_route=%2Fwp%2Fv2%2Fcomments&post=22605"}],"version-history":[{"count":43,"href":"http:\/\/10.10.1.232\/wordpress\/index.php?rest_route=\/wp\/v2\/pages\/22605\/revisions"}],"predecessor-version":[{"id":23688,"href":"http:\/\/10.10.1.232\/wordpress\/index.php?rest_route=\/wp\/v2\/pages\/22605\/revisions\/23688"}],"wp:attachment":[{"href":"http:\/\/10.10.1.232\/wordpress\/index.php?rest_route=%2Fwp%2Fv2%2Fmedia&parent=22605"}],"curies":[{"name":"wp","href":"https:\/\/api.w.org\/{rel}","templated":true}]}}