{"id":18539,"date":"2023-05-31T13:42:55","date_gmt":"2023-05-31T16:42:55","guid":{"rendered":"http:\/\/10.10.1.232\/wordpress\/?page_id=18539"},"modified":"2023-05-31T13:49:58","modified_gmt":"2023-05-31T16:49:58","slug":"ii-semana-da-memoria-cidade-de-goias-sedia-encerramento-da-ii-semana-da-memoria-do-judiciario","status":"publish","type":"page","link":"http:\/\/10.10.1.232\/wordpress\/?page_id=18539","title":{"rendered":"II Semana da Mem\u00f3ria &#8211; Cidade de Goi\u00e1s sedia encerramento da II Semana da Mem\u00f3ria do Judici\u00e1rio"},"content":{"rendered":"\t\t<div data-elementor-type=\"wp-page\" data-elementor-id=\"18539\" class=\"elementor elementor-18539\">\n\t\t\t\t\t\t<section class=\"elementor-section elementor-top-section elementor-element elementor-element-c8ddeb6 elementor-section-height-min-height elementor-section-boxed elementor-section-height-default elementor-section-items-middle\" data-id=\"c8ddeb6\" data-element_type=\"section\" data-e-type=\"section\" data-settings=\"{&quot;background_background&quot;:&quot;classic&quot;}\">\n\t\t\t\t\t\t\t<div class=\"elementor-background-overlay\"><\/div>\n\t\t\t\t\t\t\t<div class=\"elementor-container elementor-column-gap-default\">\n\t\t\t\t\t<div class=\"elementor-column elementor-col-100 elementor-top-column elementor-element elementor-element-6a5337e\" data-id=\"6a5337e\" data-element_type=\"column\" data-e-type=\"column\">\n\t\t\t<div class=\"elementor-widget-wrap elementor-element-populated\">\n\t\t\t\t\t\t\t<\/div>\n\t\t<\/div>\n\t\t\t\t\t<\/div>\n\t\t<\/section>\n\t\t\t\t<section class=\"elementor-section elementor-top-section elementor-element elementor-element-ae3664b elementor-section-boxed elementor-section-height-default elementor-section-height-default\" data-id=\"ae3664b\" data-element_type=\"section\" data-e-type=\"section\">\n\t\t\t\t\t\t<div class=\"elementor-container elementor-column-gap-default\">\n\t\t\t\t\t<div class=\"elementor-column elementor-col-100 elementor-top-column elementor-element elementor-element-18ea5ac\" data-id=\"18ea5ac\" data-element_type=\"column\" data-e-type=\"column\">\n\t\t\t<div class=\"elementor-widget-wrap elementor-element-populated\">\n\t\t\t\t\t\t<div class=\"elementor-element elementor-element-a569c8a elementor-widget elementor-widget-spacer\" data-id=\"a569c8a\" data-element_type=\"widget\" data-e-type=\"widget\" data-widget_type=\"spacer.default\">\n\t\t\t\t<div class=\"elementor-widget-container\">\n\t\t\t\t\t\t\t<div class=\"elementor-spacer\">\n\t\t\t<div class=\"elementor-spacer-inner\"><\/div>\n\t\t<\/div>\n\t\t\t\t\t\t<\/div>\n\t\t\t\t<\/div>\n\t\t\t\t<div class=\"elementor-element elementor-element-882cec9 elementor-widget elementor-widget-button\" data-id=\"882cec9\" data-element_type=\"widget\" data-e-type=\"widget\" data-widget_type=\"button.default\">\n\t\t\t\t<div class=\"elementor-widget-container\">\n\t\t\t\t\t\t\t\t\t<div class=\"elementor-button-wrapper\">\n\t\t\t\t\t<a class=\"elementor-button elementor-button-link elementor-size-sm\" href=\"http:\/\/10.10.1.232\/wordpress\/?page_id=18309\">\n\t\t\t\t\t\t<span class=\"elementor-button-content-wrapper\">\n\t\t\t\t\t\t<span class=\"elementor-button-icon\">\n\t\t\t\t<i aria-hidden=\"true\" class=\"fas fa-angle-double-left\"><\/i>\t\t\t<\/span>\n\t\t\t\t\t\t\t\t\t<span class=\"elementor-button-text\">Voltar para II Semana da Mem\u00f3ria<\/span>\n\t\t\t\t\t<\/span>\n\t\t\t\t\t<\/a>\n\t\t\t\t<\/div>\n\t\t\t\t\t\t\t\t<\/div>\n\t\t\t\t<\/div>\n\t\t\t\t\t<\/div>\n\t\t<\/div>\n\t\t\t\t\t<\/div>\n\t\t<\/section>\n\t\t\t\t<section class=\"elementor-section elementor-top-section elementor-element elementor-element-e4a418e elementor-section-boxed elementor-section-height-default elementor-section-height-default\" data-id=\"e4a418e\" data-element_type=\"section\" data-e-type=\"section\">\n\t\t\t\t\t\t<div class=\"elementor-container elementor-column-gap-default\">\n\t\t\t\t\t<div class=\"elementor-column elementor-col-100 elementor-top-column elementor-element elementor-element-2305793\" data-id=\"2305793\" data-element_type=\"column\" data-e-type=\"column\">\n\t\t\t<div class=\"elementor-widget-wrap elementor-element-populated\">\n\t\t\t\t\t\t<div class=\"elementor-element elementor-element-13a036d elementor-widget elementor-widget-spacer\" data-id=\"13a036d\" data-element_type=\"widget\" data-e-type=\"widget\" data-widget_type=\"spacer.default\">\n\t\t\t\t<div class=\"elementor-widget-container\">\n\t\t\t\t\t\t\t<div class=\"elementor-spacer\">\n\t\t\t<div class=\"elementor-spacer-inner\"><\/div>\n\t\t<\/div>\n\t\t\t\t\t\t<\/div>\n\t\t\t\t<\/div>\n\t\t\t\t<div class=\"elementor-element elementor-element-c18c63f elementor-widget elementor-widget-heading\" data-id=\"c18c63f\" data-element_type=\"widget\" data-e-type=\"widget\" data-widget_type=\"heading.default\">\n\t\t\t\t<div class=\"elementor-widget-container\">\n\t\t\t\t\t<h2 class=\"elementor-heading-title elementor-size-default\">Cidade de Goi\u00e1s sedia encerramento da II Semana da Mem\u00f3ria do Judici\u00e1rio<\/h2>\t\t\t\t<\/div>\n\t\t\t\t<\/div>\n\t\t\t\t<div class=\"elementor-element elementor-element-de580a3 elementor-widget elementor-widget-heading\" data-id=\"de580a3\" data-element_type=\"widget\" data-e-type=\"widget\" data-widget_type=\"heading.default\">\n\t\t\t\t<div class=\"elementor-widget-container\">\n\t\t\t\t\t<h5 class=\"elementor-heading-title elementor-size-default\">Programa de Hist\u00f3ria Oral do Memorial Virtual da Justi\u00e7a Eleitoral Goiana foi apresentado durante o evento<\/h5>\t\t\t\t<\/div>\n\t\t\t\t<\/div>\n\t\t\t\t<div class=\"elementor-element elementor-element-7079f20 elementor-widget elementor-widget-spacer\" data-id=\"7079f20\" data-element_type=\"widget\" data-e-type=\"widget\" data-widget_type=\"spacer.default\">\n\t\t\t\t<div class=\"elementor-widget-container\">\n\t\t\t\t\t\t\t<div class=\"elementor-spacer\">\n\t\t\t<div class=\"elementor-spacer-inner\"><\/div>\n\t\t<\/div>\n\t\t\t\t\t\t<\/div>\n\t\t\t\t<\/div>\n\t\t\t\t<div class=\"elementor-element elementor-element-9d55844 elementor-arrows-position-inside elementor-pagination-position-outside elementor-widget elementor-widget-image-carousel\" data-id=\"9d55844\" data-element_type=\"widget\" data-e-type=\"widget\" data-settings=\"{&quot;slides_to_show&quot;:&quot;1&quot;,&quot;navigation&quot;:&quot;both&quot;,&quot;autoplay&quot;:&quot;yes&quot;,&quot;pause_on_hover&quot;:&quot;yes&quot;,&quot;pause_on_interaction&quot;:&quot;yes&quot;,&quot;autoplay_speed&quot;:5000,&quot;infinite&quot;:&quot;yes&quot;,&quot;effect&quot;:&quot;slide&quot;,&quot;speed&quot;:500}\" data-widget_type=\"image-carousel.default\">\n\t\t\t\t<div class=\"elementor-widget-container\">\n\t\t\t\t\t\t\t<div class=\"elementor-image-carousel-wrapper swiper\" role=\"region\" aria-roledescription=\"carousel\" aria-label=\"Carrossel de imagens\" dir=\"ltr\">\n\t\t\t<div class=\"elementor-image-carousel swiper-wrapper\" aria-live=\"off\">\n\t\t\t\t\t\t\t\t<div class=\"swiper-slide\" role=\"group\" aria-roledescription=\"slide\" aria-label=\"1 de 5\"><figure class=\"swiper-slide-inner\"><img decoding=\"async\" class=\"swiper-slide-image\" src=\"http:\/\/10.10.1.232\/wordpress\/wp-content\/uploads\/2023\/05\/7.jpeg\" alt=\"7\" \/><\/figure><\/div><div class=\"swiper-slide\" role=\"group\" aria-roledescription=\"slide\" aria-label=\"2 de 5\"><figure class=\"swiper-slide-inner\"><img decoding=\"async\" class=\"swiper-slide-image\" src=\"http:\/\/10.10.1.232\/wordpress\/wp-content\/uploads\/2023\/05\/8.jpeg\" alt=\"8\" \/><\/figure><\/div><div class=\"swiper-slide\" role=\"group\" aria-roledescription=\"slide\" aria-label=\"3 de 5\"><figure class=\"swiper-slide-inner\"><img decoding=\"async\" class=\"swiper-slide-image\" src=\"http:\/\/10.10.1.232\/wordpress\/wp-content\/uploads\/2023\/05\/9.jpeg\" alt=\"9\" \/><\/figure><\/div><div class=\"swiper-slide\" role=\"group\" aria-roledescription=\"slide\" aria-label=\"4 de 5\"><figure class=\"swiper-slide-inner\"><img decoding=\"async\" class=\"swiper-slide-image\" src=\"http:\/\/10.10.1.232\/wordpress\/wp-content\/uploads\/2023\/05\/10.jpeg\" alt=\"10\" \/><\/figure><\/div><div class=\"swiper-slide\" role=\"group\" aria-roledescription=\"slide\" aria-label=\"5 de 5\"><figure class=\"swiper-slide-inner\"><img decoding=\"async\" class=\"swiper-slide-image\" src=\"http:\/\/10.10.1.232\/wordpress\/wp-content\/uploads\/2023\/05\/11.jpeg\" alt=\"11\" \/><\/figure><\/div>\t\t\t<\/div>\n\t\t\t\t\t\t\t\t\t\t\t\t<div class=\"elementor-swiper-button elementor-swiper-button-prev\" role=\"button\" tabindex=\"0\">\n\t\t\t\t\t\t<i aria-hidden=\"true\" class=\"eicon-chevron-left\"><\/i>\t\t\t\t\t<\/div>\n\t\t\t\t\t<div class=\"elementor-swiper-button elementor-swiper-button-next\" role=\"button\" tabindex=\"0\">\n\t\t\t\t\t\t<i aria-hidden=\"true\" class=\"eicon-chevron-right\"><\/i>\t\t\t\t\t<\/div>\n\t\t\t\t\n\t\t\t\t\t\t\t\t\t<div class=\"swiper-pagination\"><\/div>\n\t\t\t\t\t\t\t\t\t<\/div>\n\t\t\t\t\t\t<\/div>\n\t\t\t\t<\/div>\n\t\t\t\t<div class=\"elementor-element elementor-element-5ccecb1 elementor-widget elementor-widget-text-editor\" data-id=\"5ccecb1\" data-element_type=\"widget\" data-e-type=\"widget\" data-widget_type=\"text-editor.default\">\n\t\t\t\t<div class=\"elementor-widget-container\">\n\t\t\t\t\t\t\t\t\t<p>O encerramento da II Semana da Mem\u00f3ria do Poder Judici\u00e1rio Goiano aconteceu hoje (19), no Centro de Mem\u00f3ria e Cultura do Poder Judici\u00e1rio na cidade de Goi\u00e1s, com a presen\u00e7a de representantes do Tribunal Regional Eleitoral de Goi\u00e1s (TRE-GO), do Tribunal Regional do Trabalho da 18\u00aa Regi\u00e3o (TRT-18) e do Tribunal de Justi\u00e7a do Estado de Goi\u00e1s (TJGO).<\/p><p>\u00a0<\/p><p>Representando o presidente do Tribunal de Justi\u00e7a do Estado de Goi\u00e1s e o presidente do TRE-GO, desembargador Itaney Francisco Campos, o desembargador Luiz Cl\u00e1udio Veiga Braga, integrante do Tribunal Pleno da Corte Eleitoral e presidente da Comiss\u00e3o de Mem\u00f3ria e Cultura do TJGO, proferiu discurso de abertura que emocionou todos os presentes , no qual homenageou a Cidade de Goi\u00e1s e seu mais not\u00f3rio expoente po\u00e9tico: \u201cFa\u00e7am refer\u00eancias a Cora, porque \u00e9 mem\u00f3ria, porque fa\u00e7o rever\u00eancias e refer\u00eancias ao Poder Judici\u00e1rio. Porque \u00e9 mem\u00f3ria, e c\u00e1 estamos na casa da mem\u00f3ria. \u00c9 preciso que conhe\u00e7amos o nosso passado para podermos dizer a todos e a todas \u201cn\u00f3s temos um futuro\u201d. Portanto, na abertura deste evento encerrando o ciclo, o ciclo agendado, porque o ciclo de mem\u00f3ria e de cultura n\u00e3o se encerra aqui.\u201d<\/p><p>\u00a0<\/p><p>O presidente do TRT-18, desembargador Geraldo Rodrigues, por sua vez, afirmou que a mem\u00f3ria e cultura do povo \u00e9 seu maior patrim\u00f4nio e que a escolha da cidade de Goi\u00e1s para o encerramento da Semana da Mem\u00f3ria do Poder Judici\u00e1rio \u201cn\u00e3o poderia ter sido mais feliz porque \u00e9 exemplo vivo da import\u00e2ncia da preserva\u00e7\u00e3o material e imaterial do povo\u201d. Na ocasi\u00e3o, o coordenador do subcomit\u00ea de Gest\u00e3o de Mem\u00f3ria do TRT-18, desembargador Elv\u00e9cio Moura dos Santos, falou sobre o novo Centro de Mem\u00f3ria do \u00f3rg\u00e3o, inaugurado em novembro de 2022. \u201cReunimos um acervo hist\u00f3rico, com documentos, fotos, v\u00eddeos. O Centro de Mem\u00f3ria do TRT-18 \u00e9 um dos mais modernos do pa\u00eds\u201d, assegurou.<\/p><p>\u00a0<\/p><p><strong>Projeto de Mem\u00f3ria Oral<\/strong><\/p><p>\u00a0<\/p><p>Coordenadora de Gest\u00e3o da Informa\u00e7\u00e3o e integrante da Comiss\u00e3o de Gest\u00e3o da Mem\u00f3ria e Cultura do TRE-GO, Fl\u00e1via de Castro Dayrell, apresentou na ocasi\u00e3o o\u00a0<a href=\"https:\/\/apps.tre-go.jus.br\/memorial\/?page_id=18076&amp;fbclid=PAAab3xDBQVgb7PoaZST8m2U4-fGWYTj8jY-h_8LRi1UbKM6Wjvs-uVe5Zn6k\">Programa de Hist\u00f3ria Oral do Memorial Virtual da Justi\u00e7a Eleitoral Goiana<\/a>, de autoria da Comiss\u00e3o, com produ\u00e7\u00e3o da Assessoria de Imprensa e Comunica\u00e7\u00e3o Social (ASCOM). Fl\u00e1via afian\u00e7ou que a dissemina\u00e7\u00e3o da hist\u00f3ria se desenvolve como uma pr\u00e1tica constante. \u201cN\u00f3s precisamos disso, n\u00f3s precisamos de hist\u00f3ria, precisamos de mem\u00f3ria e precisamos essencialmente de cultura. N\u00f3s temos que sempre nos lembrar que n\u00f3s temos cultura, que n\u00f3s temos hist\u00f3ria e que a gente tem que ter mem\u00f3ria\u201d, enfatizou.<\/p><p>\u00a0<\/p><p><strong>Presen\u00e7as<\/strong><\/p><p>\u00a0<\/p><p>Estiveram presentes na solenidade de encerramento da 2\u00aa Semana da Mem\u00f3ria do Poder Judici\u00e1rio Goiano, o diretor do Foro da comarca de Goi\u00e1s, juiz Joviano Carneiro Neto; a vice-prefeita de Goi\u00e1s, Zilda Lobo; o presidente da C\u00e2mara Municipal de Goi\u00e1s, Zilwimar Maria Dantas; o presidente da subse\u00e7\u00e3o da OAG-GO na cidade de Goi\u00e1s, Murillo de Oliveira; o chefe do Memorial do TRT-18, Ariony Chaves; diretora do Campus Goi\u00e1s da Universidade Federal de Goi\u00e1s (UFG), Margareth Pereira; professor da Universidade Estadual de Goi\u00e1s (UEG), Caio Alexandre Le\u00e3o; professora Ana Colantoni, representando a Coletiva Feminista G-Sex da UFG \u2013 Campus Goi\u00e1s.<\/p><p><br \/>Tamb\u00e9m participaram do evento os gestores das Secretaria Judici\u00e1ria e Secret\u00e1ria de Administra\u00e7\u00e3o e Or\u00e7amento do TRE-GO, Leonardo Sapi\u00eancia Santos e Giselle de Bastos Vieira Delfino e Castro; \u00a0os coordenadores Tha\u00eds Cedro Gomes , Loir\u00ed Schwingel, Lu\u00eds Gustavo do Lago Quinteiro, Maur\u00edcio Simpl\u00edcio do Nascimento, Fl\u00e1vio Queiroz \u00a0e Luciana Mamede e os integrantes da Comiss\u00e3o de Gest\u00e3o da Mem\u00f3ria e Cultura: Viviane Fraga de Oliveira, chefe da Se\u00e7\u00e3o de Biblioteca e Mem\u00f3ria; Filipe Petres Dellon Silva, historiador e Andreia Ara\u00fajo Lima, arquivista.<\/p><p>\u00a0<\/p><p>Assista aos v\u00eddeos do\u00a0<a href=\"https:\/\/apps.tre-go.jus.br\/memorial\/?page_id=18076&amp;fbclid=PAAab3xDBQVgb7PoaZST8m2U4-fGWYTj8jY-h_8LRi1UbKM6Wjvs-uVe5Zn6k\">Programa de Hist\u00f3ria Oral do Memorial Virtual da Justi\u00e7a Eleitoral Goiana<\/a><\/p>\t\t\t\t\t\t\t\t<\/div>\n\t\t\t\t<\/div>\n\t\t\t\t<div class=\"elementor-element elementor-element-71458db elementor-widget elementor-widget-spacer\" data-id=\"71458db\" data-element_type=\"widget\" data-e-type=\"widget\" data-widget_type=\"spacer.default\">\n\t\t\t\t<div class=\"elementor-widget-container\">\n\t\t\t\t\t\t\t<div class=\"elementor-spacer\">\n\t\t\t<div class=\"elementor-spacer-inner\"><\/div>\n\t\t<\/div>\n\t\t\t\t\t\t<\/div>\n\t\t\t\t<\/div>\n\t\t\t\t<div class=\"elementor-element elementor-element-c497eb9 elementor-widget elementor-widget-text-editor\" data-id=\"c497eb9\" data-element_type=\"widget\" data-e-type=\"widget\" data-widget_type=\"text-editor.default\">\n\t\t\t\t<div class=\"elementor-widget-container\">\n\t\t\t\t\t\t\t\t\t<p style=\"text-align: right;\">Assessoria de Imprensa e Comunica\u00e7\u00e3o Social<\/p>\t\t\t\t\t\t\t\t<\/div>\n\t\t\t\t<\/div>\n\t\t\t\t\t<\/div>\n\t\t<\/div>\n\t\t\t\t\t<\/div>\n\t\t<\/section>\n\t\t\t\t<section class=\"elementor-section elementor-top-section elementor-element elementor-element-f0e259f elementor-section-boxed elementor-section-height-default elementor-section-height-default\" data-id=\"f0e259f\" data-element_type=\"section\" data-e-type=\"section\">\n\t\t\t\t\t\t<div class=\"elementor-container elementor-column-gap-default\">\n\t\t\t\t\t<div class=\"elementor-column elementor-col-100 elementor-top-column elementor-element elementor-element-ec8d71f\" data-id=\"ec8d71f\" data-element_type=\"column\" data-e-type=\"column\">\n\t\t\t<div class=\"elementor-widget-wrap elementor-element-populated\">\n\t\t\t\t\t\t<div class=\"elementor-element elementor-element-9fe839e elementor-widget elementor-widget-spacer\" data-id=\"9fe839e\" data-element_type=\"widget\" data-e-type=\"widget\" data-widget_type=\"spacer.default\">\n\t\t\t\t<div class=\"elementor-widget-container\">\n\t\t\t\t\t\t\t<div class=\"elementor-spacer\">\n\t\t\t<div class=\"elementor-spacer-inner\"><\/div>\n\t\t<\/div>\n\t\t\t\t\t\t<\/div>\n\t\t\t\t<\/div>\n\t\t\t\t\t<\/div>\n\t\t<\/div>\n\t\t\t\t\t<\/div>\n\t\t<\/section>\n\t\t\t\t<section class=\"elementor-section elementor-top-section elementor-element elementor-element-aeb68bd elementor-section-boxed elementor-section-height-default elementor-section-height-default\" data-id=\"aeb68bd\" data-element_type=\"section\" data-e-type=\"section\">\n\t\t\t\t\t\t<div class=\"elementor-container elementor-column-gap-default\">\n\t\t\t\t\t<div class=\"elementor-column elementor-col-100 elementor-top-column elementor-element elementor-element-2576807\" data-id=\"2576807\" data-element_type=\"column\" data-e-type=\"column\">\n\t\t\t<div class=\"elementor-widget-wrap\">\n\t\t\t\t\t\t\t<\/div>\n\t\t<\/div>\n\t\t\t\t\t<\/div>\n\t\t<\/section>\n\t\t\t\t<\/div>\n\t\t","protected":false},"excerpt":{"rendered":"<p>Voltar para II Semana da Mem\u00f3ria Cidade de Goi\u00e1s sedia encerramento da II Semana da Mem\u00f3ria do Judici\u00e1rio Programa de Hist\u00f3ria Oral do Memorial Virtual da Justi\u00e7a Eleitoral Goiana foi apresentado durante o evento Previous image Next image O encerramento da II Semana da Mem\u00f3ria do Poder Judici\u00e1rio Goiano aconteceu hoje (19), no Centro de [&hellip;]<\/p>\n","protected":false},"author":5,"featured_media":0,"parent":0,"menu_order":0,"comment_status":"closed","ping_status":"closed","template":"","meta":{"site-sidebar-layout":"no-sidebar","site-content-layout":"page-builder","ast-site-content-layout":"default","site-content-style":"default","site-sidebar-style":"default","ast-global-header-display":"","ast-banner-title-visibility":"","ast-main-header-display":"","ast-hfb-above-header-display":"","ast-hfb-below-header-display":"","ast-hfb-mobile-header-display":"","site-post-title":"disabled","ast-breadcrumbs-content":"","ast-featured-img":"disabled","footer-sml-layout":"","ast-disable-related-posts":"","theme-transparent-header-meta":"enabled","adv-header-id-meta":"","stick-header-meta":"","header-above-stick-meta":"","header-main-stick-meta":"","header-below-stick-meta":"","astra-migrate-meta-layouts":"default","ast-page-background-enabled":"default","ast-page-background-meta":{"desktop":{"background-color":"var(--ast-global-color-4)","background-image":"","background-repeat":"repeat","background-position":"center center","background-size":"auto","background-attachment":"scroll","background-type":"","background-media":"","overlay-type":"","overlay-color":"","overlay-opacity":"","overlay-gradient":""},"tablet":{"background-color":"","background-image":"","background-repeat":"repeat","background-position":"center center","background-size":"auto","background-attachment":"scroll","background-type":"","background-media":"","overlay-type":"","overlay-color":"","overlay-opacity":"","overlay-gradient":""},"mobile":{"background-color":"","background-image":"","background-repeat":"repeat","background-position":"center center","background-size":"auto","background-attachment":"scroll","background-type":"","background-media":"","overlay-type":"","overlay-color":"","overlay-opacity":"","overlay-gradient":""}},"ast-content-background-meta":{"desktop":{"background-color":"var(--ast-global-color-5)","background-image":"","background-repeat":"repeat","background-position":"center center","background-size":"auto","background-attachment":"scroll","background-type":"","background-media":"","overlay-type":"","overlay-color":"","overlay-opacity":"","overlay-gradient":""},"tablet":{"background-color":"var(--ast-global-color-5)","background-image":"","background-repeat":"repeat","background-position":"center center","background-size":"auto","background-attachment":"scroll","background-type":"","background-media":"","overlay-type":"","overlay-color":"","overlay-opacity":"","overlay-gradient":""},"mobile":{"background-color":"var(--ast-global-color-5)","background-image":"","background-repeat":"repeat","background-position":"center center","background-size":"auto","background-attachment":"scroll","background-type":"","background-media":"","overlay-type":"","overlay-color":"","overlay-opacity":"","overlay-gradient":""}},"footnotes":""},"class_list":["post-18539","page","type-page","status-publish","hentry"],"_links":{"self":[{"href":"http:\/\/10.10.1.232\/wordpress\/index.php?rest_route=\/wp\/v2\/pages\/18539","targetHints":{"allow":["GET"]}}],"collection":[{"href":"http:\/\/10.10.1.232\/wordpress\/index.php?rest_route=\/wp\/v2\/pages"}],"about":[{"href":"http:\/\/10.10.1.232\/wordpress\/index.php?rest_route=\/wp\/v2\/types\/page"}],"author":[{"embeddable":true,"href":"http:\/\/10.10.1.232\/wordpress\/index.php?rest_route=\/wp\/v2\/users\/5"}],"replies":[{"embeddable":true,"href":"http:\/\/10.10.1.232\/wordpress\/index.php?rest_route=%2Fwp%2Fv2%2Fcomments&post=18539"}],"version-history":[{"count":4,"href":"http:\/\/10.10.1.232\/wordpress\/index.php?rest_route=\/wp\/v2\/pages\/18539\/revisions"}],"predecessor-version":[{"id":18548,"href":"http:\/\/10.10.1.232\/wordpress\/index.php?rest_route=\/wp\/v2\/pages\/18539\/revisions\/18548"}],"wp:attachment":[{"href":"http:\/\/10.10.1.232\/wordpress\/index.php?rest_route=%2Fwp%2Fv2%2Fmedia&parent=18539"}],"curies":[{"name":"wp","href":"https:\/\/api.w.org\/{rel}","templated":true}]}}