{"id":11244,"date":"2022-09-06T14:45:37","date_gmt":"2022-09-06T17:45:37","guid":{"rendered":"http:\/\/10.10.1.232\/wordpress\/?page_id=11244"},"modified":"2022-09-06T14:52:47","modified_gmt":"2022-09-06T17:52:47","slug":"90-anos-da-justica-eleitoral-hoje-90-anos-da-justica-eleitoral","status":"publish","type":"page","link":"http:\/\/10.10.1.232\/wordpress\/?page_id=11244","title":{"rendered":"90 anos da Justi\u00e7a Eleitoral &#8211; Hoje: 90 Anos da Justi\u00e7a Eleitoral"},"content":{"rendered":"\t\t<div data-elementor-type=\"wp-page\" data-elementor-id=\"11244\" class=\"elementor elementor-11244\">\n\t\t\t\t\t\t<section class=\"elementor-section elementor-top-section elementor-element elementor-element-f609d5d elementor-section-boxed elementor-section-height-default elementor-section-height-default\" data-id=\"f609d5d\" data-element_type=\"section\">\n\t\t\t\t\t\t<div class=\"elementor-container elementor-column-gap-default\">\n\t\t\t\t\t<div class=\"elementor-column elementor-col-100 elementor-top-column elementor-element elementor-element-587ab86\" data-id=\"587ab86\" data-element_type=\"column\">\n\t\t\t<div class=\"elementor-widget-wrap elementor-element-populated\">\n\t\t\t\t\t\t<div class=\"elementor-element elementor-element-27f9174 elementor-widget elementor-widget-button\" data-id=\"27f9174\" data-element_type=\"widget\" data-widget_type=\"button.default\">\n\t\t\t\t<div class=\"elementor-widget-container\">\n\t\t\t\t\t\t\t\t\t<div class=\"elementor-button-wrapper\">\n\t\t\t\t\t<a class=\"elementor-button elementor-button-link elementor-size-sm\" href=\"http:\/\/10.10.1.232\/wordpress\/?page_id=3887\">\n\t\t\t\t\t\t<span class=\"elementor-button-content-wrapper\">\n\t\t\t\t\t\t\t\t\t<span class=\"elementor-button-text\">Voltar para 90 anos da Justi\u00e7a Eleitoral<\/span>\n\t\t\t\t\t<\/span>\n\t\t\t\t\t<\/a>\n\t\t\t\t<\/div>\n\t\t\t\t\t\t\t\t<\/div>\n\t\t\t\t<\/div>\n\t\t\t\t<div class=\"elementor-element elementor-element-45d495b elementor-widget elementor-widget-spacer\" data-id=\"45d495b\" data-element_type=\"widget\" data-widget_type=\"spacer.default\">\n\t\t\t\t<div class=\"elementor-widget-container\">\n\t\t\t\t\t\t\t<div class=\"elementor-spacer\">\n\t\t\t<div class=\"elementor-spacer-inner\"><\/div>\n\t\t<\/div>\n\t\t\t\t\t\t<\/div>\n\t\t\t\t<\/div>\n\t\t\t\t<div class=\"elementor-element elementor-element-7e4a496 elementor-widget elementor-widget-heading\" data-id=\"7e4a496\" data-element_type=\"widget\" data-widget_type=\"heading.default\">\n\t\t\t\t<div class=\"elementor-widget-container\">\n\t\t\t\t\t<h2 class=\"elementor-heading-title elementor-size-default\">Hoje: 90 Anos da Justi\u00e7a Eleitoral<\/h2>\t\t\t\t<\/div>\n\t\t\t\t<\/div>\n\t\t\t\t\t<\/div>\n\t\t<\/div>\n\t\t\t\t\t<\/div>\n\t\t<\/section>\n\t\t\t\t<section class=\"elementor-section elementor-top-section elementor-element elementor-element-84d8aff elementor-section-boxed elementor-section-height-default elementor-section-height-default\" data-id=\"84d8aff\" data-element_type=\"section\">\n\t\t\t\t\t\t<div class=\"elementor-container elementor-column-gap-default\">\n\t\t\t\t\t<div class=\"elementor-column elementor-col-100 elementor-top-column elementor-element elementor-element-48aa7b6\" data-id=\"48aa7b6\" data-element_type=\"column\">\n\t\t\t<div class=\"elementor-widget-wrap elementor-element-populated\">\n\t\t\t\t\t\t<div class=\"elementor-element elementor-element-20be5d5 elementor-widget elementor-widget-spacer\" data-id=\"20be5d5\" data-element_type=\"widget\" data-widget_type=\"spacer.default\">\n\t\t\t\t<div class=\"elementor-widget-container\">\n\t\t\t\t\t\t\t<div class=\"elementor-spacer\">\n\t\t\t<div class=\"elementor-spacer-inner\"><\/div>\n\t\t<\/div>\n\t\t\t\t\t\t<\/div>\n\t\t\t\t<\/div>\n\t\t\t\t<div class=\"elementor-element elementor-element-c1ddc15 elementor-widget elementor-widget-text-editor\" data-id=\"c1ddc15\" data-element_type=\"widget\" data-widget_type=\"text-editor.default\">\n\t\t\t\t<div class=\"elementor-widget-container\">\n\t\t\t\t\t\t\t\t\t<div class=\"elementor-element elementor-element-daf0c25 elementor-widget elementor-widget-text-editor\" data-id=\"daf0c25\" data-element_type=\"widget\" data-widget_type=\"text-editor.default\"><div class=\"elementor-widget-container\"><section id=\"h.47ebaf2eae44d9e9_238\" class=\"yaqOZd\"><div class=\"mYVXT\"><div class=\"LS81yb VICjCf j5pSsc db35Fc\" tabindex=\"-1\"><div class=\"hJDwNd-AhqUyc-uQSCkd Ft7HRd-AhqUyc-uQSCkd purZT-AhqUyc-II5mzb ZcASvf-AhqUyc-II5mzb pSzOP-AhqUyc-qWD73c Ktthjf-AhqUyc-qWD73c JNdkSc SQVYQc\"><div class=\"JNdkSc-SmKAyb LkDMRd\"><div class=\"\"><div class=\"oKdM2c ZZyype Kzv0Me\"><div id=\"h.47ebaf2eae44d9e9_235\" class=\"hJDwNd-AhqUyc-uQSCkd Ft7HRd-AhqUyc-uQSCkd jXK9ad D2fZ2 zu5uec OjCsFc dmUFtb wHaque g5GTcb GNzUNc\"><div class=\"jXK9ad-SmKAyb\"><div class=\"tyJCtd mGzaTb Depvyb baZpAe\"><p class=\"CDt4Ke zfr3Q\" dir=\"ltr\">Hoje, 24 de fevereiro, a Justi\u00e7a Eleitoral completa 90 anos. Esse marco \u00e9 um dos mais importantes da democracia brasileira. O C\u00f3digo Eleitoral, de 24 de fevereiro de 1932, tamb\u00e9m oficializou o voto feminino, garantiu a cidadania plena \u00e0 mulher brasileira. Na manh\u00e3 de 3 de maio de 1933, no Bairro do M\u00e9ier, Rio de Janeiro, foi registrado o primeiro voto de uma cidad\u00e3 brasileira. Em uma se\u00e7\u00e3o eleitoral, um fato agu\u00e7ou a curiosidade da imprensa: havia somente mulheres, que se preparavam para exercer o direito de votar conquistado um ano antes com o Decreto 21.076\/1932 (o primeiro C\u00f3digo Eleitoral brasileiro). A luta das mulheres que pretendiam votar come\u00e7ou em meados do s\u00e9culo XIX. Em 1891, a discuss\u00e3o estava j\u00e1 no Congresso Nacional, mas foi derrubada pela maioria dos deputados. Com a Primeira Guerra Mundial, as reivindica\u00e7\u00f5es das mulheres pelo voto ganhou novo impulso. Algumas conseguiram votar por meio de a\u00e7\u00f5es judiciais. E, a partir da Revolu\u00e7\u00e3o de 1930, a batalha pelo sufr\u00e1gio feminino arrebatou mais aliados, em especial, nos meios pol\u00edticos. E o voto feminino foi inclu\u00eddo no C\u00f3digo Eleitoral, outorgado pelo Presidente Get\u00falio Vargas.<\/p><p dir=\"ltr\">\u00a0<\/p><p class=\"CDt4Ke zfr3Q\" dir=\"ltr\">Para celebrar as nove d\u00e9cadas, o Tribunal Regional Eleitoral de Sergipe (TRE-SE) \u2013 pela atua\u00e7\u00e3o da Comiss\u00e3o de Gest\u00e3o Documental e Mem\u00f3ria e pela atua\u00e7\u00e3o da Comiss\u00e3o de Participa\u00e7\u00e3o Feminina \u2013 desenvolver\u00e1 a\u00e7\u00f5es referentes \u00e0s comemora\u00e7\u00f5es dos 90 anos durante este ano. As celebra\u00e7\u00f5es foram iniciadas na \u00faltima segunda-feira (21), em sess\u00e3o solene realizada pelo TSE. O presidente do TRE-SE, desembargador Roberto Eug\u00eanio da Fonseca Porto, em conversa com a reportagem Ascom, relatou algumas dessas a\u00e7\u00f5es: \u201cJ\u00e1 a partir de mar\u00e7o, vamos publicar no site do TRE-SE uma retrospectiva de atos e fatos ocorridos no \u00e2mbito da Justi\u00e7a Eleitoral no Estado, haver\u00e1 uma exposi\u00e7\u00e3o, na sede do Tribunal e em locais p\u00fablicos em Sergipe, de artefatos e documentos hist\u00f3ricos da Justi\u00e7a Eleitoral. Lembrando: 8 de mar\u00e7o \u00e9 o Dia Internacional da Mulher; e a Justi\u00e7a Eleitoral incentiva a participa\u00e7\u00e3o feminina na pol\u00edtica. O TRE-SE, com seu corpo funcional, trabalha firme nesse sentido. Estamos orgulhosos com essas comemora\u00e7\u00f5es. Nestes tempos, a Justi\u00e7a Eleitoral sofre ataques insensatos. Mas nada abala a credibilidade de uma institui\u00e7\u00e3o important\u00edssima na consolida\u00e7\u00e3o dos ideais democr\u00e1ticos, principalmente, o voto direto e secreto e elei\u00e7\u00f5es seguras.\u201d<\/p><p dir=\"ltr\">\u00a0<\/p><p class=\"CDt4Ke zfr3Q\" dir=\"ltr\">Desde a implanta\u00e7\u00e3o, a Justi\u00e7a Eleitoral tornou as elei\u00e7\u00f5es no pa\u00eds mais seguras, modernas e transparentes, com fortalecimento dos alicerces da democracia. O C\u00f3digo Eleitoral deu compet\u00eancia para a Justi\u00e7a Eleitoral organizar as elei\u00e7\u00f5es no pa\u00eds, por meio da cria\u00e7\u00e3o do TSE e dos Tribunais Regionais Eleitorais (TREs), em cada estado da na\u00e7\u00e3o. O documento j\u00e1 previa uma m\u00e1quina de votar, que veio a se concretizar em 1996, com a cria\u00e7\u00e3o da urna eletr\u00f4nica, refer\u00eancia no mundo pela celeridade e seguran\u00e7a nas elei\u00e7\u00f5es. Al\u00e9m disso, tamb\u00e9m j\u00e1 se previa a institui\u00e7\u00e3o do t\u00edtulo de eleitor com fotografia e impress\u00e3o digital.<\/p><p dir=\"ltr\">\u00a0<\/p><p class=\"CDt4Ke zfr3Q\" dir=\"ltr\">No<span class=\" aw5Odc\"><a class=\"XqQF9c\" href=\"https:\/\/www.google.com\/url?q=https%3A%2F%2Fwww.tse.jus.br%2F&amp;sa=D&amp;sntz=1&amp;usg=AOvVaw1kYtqCDugm-zwOi-u-guA2\" target=\"_blank\" rel=\"noopener\">\u00a0Portal da JE<\/a><\/span>, h\u00e1 diversas informa\u00e7\u00f5es sobre a atua\u00e7\u00e3o da Justi\u00e7a Eleitoral durante nove d\u00e9cadas de exist\u00eancia.<\/p><p dir=\"ltr\">\u00a0<\/p><\/div><\/div><\/div><\/div><\/div><\/div><\/div><\/div><\/div><\/section><section id=\"h.47ebaf2eae44d9e9_242\" class=\"yaqOZd\"><div class=\"mYVXT\"><div class=\"LS81yb VICjCf j5pSsc db35Fc\" tabindex=\"-1\"><div class=\"hJDwNd-AhqUyc-uQSCkd Ft7HRd-AhqUyc-uQSCkd purZT-AhqUyc-II5mzb ZcASvf-AhqUyc-II5mzb pSzOP-AhqUyc-qWD73c Ktthjf-AhqUyc-qWD73c JNdkSc SQVYQc\"><div class=\"JNdkSc-SmKAyb LkDMRd\"><div class=\"\"><div class=\"oKdM2c ZZyype Kzv0Me\"><div id=\"h.47ebaf2eae44d9e9_239\" class=\"hJDwNd-AhqUyc-uQSCkd Ft7HRd-AhqUyc-uQSCkd jXK9ad D2fZ2 zu5uec OjCsFc dmUFtb wHaque g5GTcb GNzUNc\"><div class=\"jXK9ad-SmKAyb\"><div class=\"tyJCtd mGzaTb Depvyb baZpAe\"><div class=\"CjVfdc\"><strong>P\u00e1gina especial dos 90 anos<\/strong><\/div><\/div><\/div><\/div><\/div><\/div><\/div><\/div><\/div><\/div><\/section><section id=\"h.47ebaf2eae44d9e9_246\" class=\"yaqOZd\"><div class=\"IFuOkc\">\u00a0<\/div><div class=\"mYVXT\"><div class=\"LS81yb VICjCf j5pSsc db35Fc\" tabindex=\"-1\"><div class=\"hJDwNd-AhqUyc-uQSCkd Ft7HRd-AhqUyc-uQSCkd purZT-AhqUyc-II5mzb ZcASvf-AhqUyc-II5mzb pSzOP-AhqUyc-qWD73c Ktthjf-AhqUyc-qWD73c JNdkSc SQVYQc\"><div class=\"JNdkSc-SmKAyb LkDMRd\"><div class=\"\"><div class=\"oKdM2c ZZyype Kzv0Me\"><div id=\"h.47ebaf2eae44d9e9_243\" class=\"hJDwNd-AhqUyc-uQSCkd Ft7HRd-AhqUyc-uQSCkd jXK9ad D2fZ2 zu5uec OjCsFc dmUFtb wHaque g5GTcb GNzUNc\"><div class=\"jXK9ad-SmKAyb\"><div class=\"tyJCtd mGzaTb Depvyb baZpAe\"><p class=\"CDt4Ke zfr3Q\" dir=\"ltr\">Nessa p\u00e1gina voc\u00ea acessa o cronograma nacional de a\u00e7\u00f5es e eventos para as comemora\u00e7\u00f5es dos 90 anos da Justi\u00e7a Eleitoral; not\u00edcias relacionadas aos 90 anos da JE veiculadas pelo TSE e TREs; a hist\u00f3ria da Justi\u00e7a Eleitoral; a hist\u00f3ria do voto feminino no Brasil; um calend\u00e1rio para acompanhamento do que os Tribunais Eleitorais prepararam em celebra\u00e7\u00e3o \u00e0 data e ao voto feminino no Brasil; uma \u00e1rea de downloads, com materiais para utiliza\u00e7\u00e3o dos Tribunais Eleitorais, como o logotipo dos 90 anos, um marcador de p\u00e1gina, wallpapers e imagens para customiza\u00e7\u00e3o do Sistema Eletr\u00f4nico de Informa\u00e7\u00f5es (SEI); uma \u00e1rea direcionada para as redes socias, convidando o usu\u00e1rio a participar dos 90 anos (por exemplo, tuitando ideias sobre como ser\u00e1 a Justi\u00e7a Eleitoral daqui a 10 anos, usando a #Justi\u00e7aEleitoraldoFuturo); e dados sobre a institui\u00e7\u00e3o e composi\u00e7\u00e3o do Grupo de Trabalho (GT) multidisciplinar para organizar as a\u00e7\u00f5es e eventos deste ano, relacionados aos 90 anos da Justi\u00e7a Eleitoral. Clique no link a seguir:<\/p><p dir=\"ltr\">\u00a0<\/p><p class=\"CDt4Ke zfr3Q\" dir=\"ltr\">Palavra do ministro Lu\u00eds Roberto Barroso: \u201cH\u00e1 100 anos, as elei\u00e7\u00f5es eram marcadas pelas fraudes, e as mulheres eram impedidas de votar. O voto n\u00e3o era secreto, e a apura\u00e7\u00e3o do resultado n\u00e3o era confi\u00e1vel. Para mudar isso, a Justi\u00e7a Eleitoral surgiu [\u2026], sempre se aprimorando para corresponder \u00e0s expectativas da sociedade brasileira de assegurar a integridade do nosso processo eleitoral, com elei\u00e7\u00f5es livres, limpas e seguras.\u201d<\/p><p dir=\"ltr\">\u00a0<\/p><p class=\"CDt4Ke zfr3Q\" dir=\"ltr\">Disse o ministro Edson Fachin, presidente do TSE: \u201cNestes 90 anos, a Justi\u00e7a Eleitoral superou diversos desafios. J\u00e1 foi extinta. J\u00e1 teve sua atua\u00e7\u00e3o restringida, sempre na esteira de guinadas autorit\u00e1rias com retrocessos sociais. Mas nunca se furtou de encarar os obst\u00e1culos. Hoje, nesta efem\u00e9ride, celebramos os resultados obtidos. A democracia triunfou nestas \u00faltimas tr\u00eas d\u00e9cadas. Tornou-se um patrim\u00f4nio moral da sociedade brasileira a vida democr\u00e1tica. Temos novos desafios pela frente, mas seguimos firmes, sobre o piso firme da legalidade constitucional, de nosso profissionalismo e de nossa compet\u00eancia. Seguimos em frente, entregando um servi\u00e7o p\u00fablico de excel\u00eancia \u00e0 popula\u00e7\u00e3o brasileira, com a certeza de que o nosso processo eleitoral \u00e9 transparente, confi\u00e1vel e leg\u00edtimo.\u201d<\/p><p dir=\"ltr\">\u00a0<\/p><\/div><\/div><\/div><\/div><\/div><\/div><\/div><\/div><\/div><\/section><section id=\"h.47ebaf2eae44d9e9_250\" class=\"yaqOZd\"><div class=\"mYVXT\"><div class=\"LS81yb VICjCf j5pSsc db35Fc\" tabindex=\"-1\"><div class=\"hJDwNd-AhqUyc-uQSCkd Ft7HRd-AhqUyc-uQSCkd purZT-AhqUyc-II5mzb ZcASvf-AhqUyc-II5mzb pSzOP-AhqUyc-qWD73c Ktthjf-AhqUyc-qWD73c JNdkSc SQVYQc\"><div class=\"JNdkSc-SmKAyb LkDMRd\"><div class=\"\"><div class=\"oKdM2c ZZyype Kzv0Me\"><div id=\"h.47ebaf2eae44d9e9_247\" class=\"hJDwNd-AhqUyc-uQSCkd Ft7HRd-AhqUyc-uQSCkd jXK9ad D2fZ2 zu5uec OjCsFc dmUFtb wHaque g5GTcb GNzUNc\"><div class=\"jXK9ad-SmKAyb\"><div class=\"tyJCtd mGzaTb Depvyb baZpAe\"><div class=\"CjVfdc\"><strong>A\u00e7\u00f5es em comemora\u00e7\u00e3o aos 90 anos da JE<\/strong><\/div><\/div><\/div><\/div><\/div><\/div><\/div><\/div><\/div><\/div><\/section><section id=\"h.47ebaf2eae44d9e9_254\" class=\"yaqOZd\"><div class=\"IFuOkc\">\u00a0<\/div><div class=\"mYVXT\"><div class=\"LS81yb VICjCf j5pSsc db35Fc\" tabindex=\"-1\"><div class=\"hJDwNd-AhqUyc-uQSCkd Ft7HRd-AhqUyc-uQSCkd purZT-AhqUyc-II5mzb ZcASvf-AhqUyc-II5mzb pSzOP-AhqUyc-qWD73c Ktthjf-AhqUyc-qWD73c JNdkSc SQVYQc\"><div class=\"JNdkSc-SmKAyb LkDMRd\"><div class=\"\"><div class=\"oKdM2c ZZyype Kzv0Me\"><div id=\"h.47ebaf2eae44d9e9_251\" class=\"hJDwNd-AhqUyc-uQSCkd Ft7HRd-AhqUyc-uQSCkd jXK9ad D2fZ2 zu5uec OjCsFc dmUFtb wHaque g5GTcb GNzUNc\"><div class=\"jXK9ad-SmKAyb\"><div class=\"tyJCtd mGzaTb Depvyb baZpAe\"><p class=\"CDt4Ke zfr3Q\" dir=\"ltr\">A\u00e7\u00f5es programadas: a publica\u00e7\u00e3o de um livro com diversos textos contando a hist\u00f3ria de pessoas que contribu\u00edram para a Justi\u00e7a Eleitoral, por exemplo: mes\u00e1rias e mes\u00e1rios, que ajudaram na realiza\u00e7\u00e3o das elei\u00e7\u00f5es em todo o pa\u00eds. A obra deve ser disponibilizada ainda no primeiro semestre deste ano; outro projeto prev\u00ea reunir pensamentos e ideias de profissionais da JE postados no Twitter sobre como imaginam a Justi\u00e7a Eleitoral daqui a 10 anos: uma esp\u00e9cie de c\u00e1psula do tempo, que ser\u00e1 divulgada na ocasi\u00e3o do centen\u00e1rio da JE, em 2032. Para participar, basta tuitar usando a hashtag #Justi\u00e7aEleitoraldoFuturo.<\/p><\/div><\/div><\/div><\/div><\/div><\/div><\/div><\/div><\/div><\/section><\/div><\/div><div class=\"elementor-element elementor-element-42c205b elementor-widget elementor-widget-spacer\" data-id=\"42c205b\" data-element_type=\"widget\" data-widget_type=\"spacer.default\"><div class=\"elementor-widget-container\"><div class=\"elementor-spacer\"><div class=\"elementor-spacer-inner\">\u00a0<\/div><\/div><\/div><\/div><div class=\"elementor-element elementor-element-bc1023b elementor-widget elementor-widget-text-editor\" data-id=\"bc1023b\" data-element_type=\"widget\" data-widget_type=\"text-editor.default\"><div class=\"elementor-widget-container\"><p>Acesse o Portal 90 anos da Justi\u00e7a Eleitoral:\u00a0<a href=\"https:\/\/www.justicaeleitoral.jus.br\/90-anos\/\"><em>https:\/\/www.justicaeleitoral.jus.br\/90-anos\/<\/em><\/a><\/p><\/div><\/div>\t\t\t\t\t\t\t\t<\/div>\n\t\t\t\t<\/div>\n\t\t\t\t\t<\/div>\n\t\t<\/div>\n\t\t\t\t\t<\/div>\n\t\t<\/section>\n\t\t\t\t<section class=\"elementor-section elementor-top-section elementor-element elementor-element-fba3f8f elementor-section-boxed elementor-section-height-default elementor-section-height-default\" data-id=\"fba3f8f\" data-element_type=\"section\">\n\t\t\t\t\t\t<div class=\"elementor-container elementor-column-gap-default\">\n\t\t\t\t\t<div class=\"elementor-column elementor-col-100 elementor-top-column elementor-element elementor-element-406097e\" data-id=\"406097e\" data-element_type=\"column\">\n\t\t\t<div class=\"elementor-widget-wrap elementor-element-populated\">\n\t\t\t\t\t\t<div class=\"elementor-element elementor-element-c23b6f5 elementor-widget elementor-widget-spacer\" data-id=\"c23b6f5\" data-element_type=\"widget\" data-widget_type=\"spacer.default\">\n\t\t\t\t<div class=\"elementor-widget-container\">\n\t\t\t\t\t\t\t<div class=\"elementor-spacer\">\n\t\t\t<div class=\"elementor-spacer-inner\"><\/div>\n\t\t<\/div>\n\t\t\t\t\t\t<\/div>\n\t\t\t\t<\/div>\n\t\t\t\t<div class=\"elementor-element elementor-element-0614822 elementor-widget elementor-widget-text-editor\" data-id=\"0614822\" data-element_type=\"widget\" data-widget_type=\"text-editor.default\">\n\t\t\t\t<div class=\"elementor-widget-container\">\n\t\t\t\t\t\t\t\t\t<p style=\"text-align: right;\">Assessoria de Comunica\u00e7\u00e3o do TSE<\/p>\t\t\t\t\t\t\t\t<\/div>\n\t\t\t\t<\/div>\n\t\t\t\t<div class=\"elementor-element elementor-element-de08a62 elementor-widget elementor-widget-spacer\" data-id=\"de08a62\" data-element_type=\"widget\" data-widget_type=\"spacer.default\">\n\t\t\t\t<div class=\"elementor-widget-container\">\n\t\t\t\t\t\t\t<div class=\"elementor-spacer\">\n\t\t\t<div class=\"elementor-spacer-inner\"><\/div>\n\t\t<\/div>\n\t\t\t\t\t\t<\/div>\n\t\t\t\t<\/div>\n\t\t\t\t\t<\/div>\n\t\t<\/div>\n\t\t\t\t\t<\/div>\n\t\t<\/section>\n\t\t\t\t<section class=\"elementor-section elementor-top-section elementor-element elementor-element-5c752b5 elementor-section-boxed elementor-section-height-default elementor-section-height-default\" data-id=\"5c752b5\" data-element_type=\"section\">\n\t\t\t\t\t\t<div class=\"elementor-container elementor-column-gap-default\">\n\t\t\t\t\t<div class=\"elementor-column elementor-col-100 elementor-top-column elementor-element elementor-element-538b66a\" data-id=\"538b66a\" data-element_type=\"column\">\n\t\t\t<div class=\"elementor-widget-wrap\">\n\t\t\t\t\t\t\t<\/div>\n\t\t<\/div>\n\t\t\t\t\t<\/div>\n\t\t<\/section>\n\t\t\t\t<\/div>\n\t\t","protected":false},"excerpt":{"rendered":"<p>Voltar para 90 anos da Justi\u00e7a Eleitoral Hoje: 90 Anos da Justi\u00e7a Eleitoral Hoje, 24 de fevereiro, a Justi\u00e7a Eleitoral completa 90 anos. Esse marco \u00e9 um dos mais importantes da democracia brasileira. O C\u00f3digo Eleitoral, de 24 de fevereiro de 1932, tamb\u00e9m oficializou o voto feminino, garantiu a cidadania plena \u00e0 mulher brasileira. Na [&hellip;]<\/p>\n","protected":false},"author":4,"featured_media":0,"parent":0,"menu_order":0,"comment_status":"closed","ping_status":"closed","template":"","meta":{"site-sidebar-layout":"no-sidebar","site-content-layout":"page-builder","ast-site-content-layout":"default","site-content-style":"default","site-sidebar-style":"default","ast-global-header-display":"","ast-banner-title-visibility":"","ast-main-header-display":"","ast-hfb-above-header-display":"","ast-hfb-below-header-display":"","ast-hfb-mobile-header-display":"","site-post-title":"disabled","ast-breadcrumbs-content":"","ast-featured-img":"disabled","footer-sml-layout":"","theme-transparent-header-meta":"","adv-header-id-meta":"","stick-header-meta":"","header-above-stick-meta":"","header-main-stick-meta":"","header-below-stick-meta":"","astra-migrate-meta-layouts":"default","ast-page-background-enabled":"default","ast-page-background-meta":{"desktop":{"background-color":"var(--ast-global-color-4)","background-image":"","background-repeat":"repeat","background-position":"center center","background-size":"auto","background-attachment":"scroll","background-type":"","background-media":"","overlay-type":"","overlay-color":"","overlay-opacity":"","overlay-gradient":""},"tablet":{"background-color":"","background-image":"","background-repeat":"repeat","background-position":"center center","background-size":"auto","background-attachment":"scroll","background-type":"","background-media":"","overlay-type":"","overlay-color":"","overlay-opacity":"","overlay-gradient":""},"mobile":{"background-color":"","background-image":"","background-repeat":"repeat","background-position":"center center","background-size":"auto","background-attachment":"scroll","background-type":"","background-media":"","overlay-type":"","overlay-color":"","overlay-opacity":"","overlay-gradient":""}},"ast-content-background-meta":{"desktop":{"background-color":"var(--ast-global-color-5)","background-image":"","background-repeat":"repeat","background-position":"center center","background-size":"auto","background-attachment":"scroll","background-type":"","background-media":"","overlay-type":"","overlay-color":"","overlay-opacity":"","overlay-gradient":""},"tablet":{"background-color":"var(--ast-global-color-5)","background-image":"","background-repeat":"repeat","background-position":"center center","background-size":"auto","background-attachment":"scroll","background-type":"","background-media":"","overlay-type":"","overlay-color":"","overlay-opacity":"","overlay-gradient":""},"mobile":{"background-color":"var(--ast-global-color-5)","background-image":"","background-repeat":"repeat","background-position":"center center","background-size":"auto","background-attachment":"scroll","background-type":"","background-media":"","overlay-type":"","overlay-color":"","overlay-opacity":"","overlay-gradient":""}},"footnotes":""},"class_list":["post-11244","page","type-page","status-publish","hentry"],"_links":{"self":[{"href":"http:\/\/10.10.1.232\/wordpress\/index.php?rest_route=\/wp\/v2\/pages\/11244","targetHints":{"allow":["GET"]}}],"collection":[{"href":"http:\/\/10.10.1.232\/wordpress\/index.php?rest_route=\/wp\/v2\/pages"}],"about":[{"href":"http:\/\/10.10.1.232\/wordpress\/index.php?rest_route=\/wp\/v2\/types\/page"}],"author":[{"embeddable":true,"href":"http:\/\/10.10.1.232\/wordpress\/index.php?rest_route=\/wp\/v2\/users\/4"}],"replies":[{"embeddable":true,"href":"http:\/\/10.10.1.232\/wordpress\/index.php?rest_route=%2Fwp%2Fv2%2Fcomments&post=11244"}],"version-history":[{"count":4,"href":"http:\/\/10.10.1.232\/wordpress\/index.php?rest_route=\/wp\/v2\/pages\/11244\/revisions"}],"predecessor-version":[{"id":11248,"href":"http:\/\/10.10.1.232\/wordpress\/index.php?rest_route=\/wp\/v2\/pages\/11244\/revisions\/11248"}],"wp:attachment":[{"href":"http:\/\/10.10.1.232\/wordpress\/index.php?rest_route=%2Fwp%2Fv2%2Fmedia&parent=11244"}],"curies":[{"name":"wp","href":"https:\/\/api.w.org\/{rel}","templated":true}]}}